s -13 + 3866472?
3866458
In base 11, what is 758 + -504a3?
-4a846
In base 12, what is 0 - b901a4?
-b901a4
In base 2, what is -111 - 101001101001011100110?
-101001101001011101101
In base 14, what is -6a - 14699?
-14725
In base 5, what is 102142440040 + -3?
102142440032
In base 15, what is -c4e7c + -1a?
-c4e97
In base 9, what is -52318 - 237?
-52556
In base 2, what is 10100010101 + 1100110000010101?
1101000100101010
In base 3, what is -201211002212 + 12210?
-201210220002
In base 2, what is 11110110111110111110000 - -10111?
11110110111111000000111
In base 16, what is -5b + 37be97?
37be3c
In base 16, what is -1995 + 83b?
-115a
In base 8, what is 4 - 436517601?
-436517575
In base 8, what is -4 - -20730302?
20730276
In base 4, what is 10303330 + 21313?
10331303
In base 5, what is 1331121 - 44322?
1231244
In base 6, what is -13242151 - 201?
-13242352
In base 16, what is 10c17 - -5fa?
11211
In base 11, what is -9431984 - 3?
-9431987
In base 14, what is 79a9 + -8c?
791b
In base 7, what is 54 - 14415301?
-14415214
In base 2, what is 10000011 - 10101110001010?
-10101100000111
In base 6, what is -32 - -100001355?
100001323
In base 7, what is 0 + -1243340511?
-1243340511
In base 4, what is 11201123300202 + -1?
11201123300201
In base 8, what is -17 - -6151457?
6151440
In base 13, what is -52cc + 317?
-4cb5
In base 15, what is 2 - 68e401?
-68e3ee
In base 14, what is -3024c - c3?
-30331
In base 5, what is 2432333 + 234231?
3222114
In base 8, what is -4 + -6772466?
-6772472
In base 6, what is -101555331 - 14?
-101555345
In base 16, what is -5 + 1262e0?
1262db
In base 3, what is -200210001011 - -211?
-200210000100
In base 7, what is -2 - -1530423445?
1530423443
In base 16, what is -8bcdf - 22?
-8bd01
In base 4, what is -1311120 - -103022?
-1202032
In base 7, what is -2361044 - 13?
-2361060
In base 11, what is 2270a0 + 32?
227122
In base 12, what is 84818 + 8b?
848a7
In base 6, what is 115422 - 3200?
112222
In base 4, what is -11122031311 - 203?
-11122032120
In base 3, what is -100220212101211 + -12212?
-100220212121200
In base 16, what is 1 - -e401ab?
e401ac
In base 2, what is 100 - 11000010100100110111?
-11000010100100110011
In base 14, what is -aa5475 - 6?
-aa547b
In base 7, what is -5 - 4425151?
-4425156
In base 12, what is 1057 - 905?
352
In base 15, what is -9080 + 25a7?
-69c8
In base 5, what is 2233 - -4014421?
4022204
In base 5, what is 30 - -3123234400?
3123234430
In base 2, what is 111011 + -1100100001110100?
-1100100000111001
In base 6, what is -103 + -34241042?
-34241145
In base 8, what is -64 + -750737?
-751023
In base 11, what is 1 - -6315164?
6315165
In base 11, what is 5 + 15a40816?
15a40820
In base 12, what is -13a97510 - 2?
-13a97512
In base 3, what is 2212012 - 122121112?
-112202100
In base 9, what is -1054 - 200507?
-201562
In base 6, what is -14 - -12221404?
12221350
In base 3, what is 2200200221 + 12022?
2200220020
In base 9, what is -31244 - -7126?
-23117
In base 16, what is -c - 1f2c1a4?
-1f2c1b0
In base 2, what is 10001001110001 - -1011101011?
10010101011100
In base 9, what is 118631 - -157?
118788
In base 5, what is -11340140040 + 3?
-11340140032
In base 15, what is -2 + 99419e?
99419c
In base 7, what is 4 - 342031432?
-342031425
In base 7, what is -1 - 10636065?
-10636066
In base 12, what is 164a375 + 1?
164a376
In base 4, what is 321300 - 33201?
222033
In base 15, what is -9e44e4 + 9?
-9e44da
In base 5, what is 2102113 - -11233?
2113401
In base 4, what is -1003301 + 31020?
-312221
In base 13, what is 0 - 22a6ca2?
-22a6ca2
In base 13, what is -4 + -6447?
-644b
In base 10, what is 86 - 34216?
-34130
In base 8, what is -1 - -15435730?
15435727
In base 16, what is 4744 - -11de?
5922
In base 2, what is -110001010 + 10110000011011?
10101010010001
In base 7, what is -6006 + -164004?
-203013
In base 8, what is -72472523 - 5?
-72472530
In base 2, what is 100011000010110101010010111001 + 0?
100011000010110101010010111001
In base 15, what is 46de7c3 + -3?
46de7c0
In base 16, what is -426 + -3565?
-398b
In base 12, what is -4ba9 - 6094?
-b081
In base 10, what is 314 + -11990?
-11676
In base 4, what is -1101 + -102223012?
-102230113
In base 5, what is -4 + 4102400404?
4102400400
In base 4, what is 13310231123310 + 0?
13310231123310
In base 8, what is 6063 - 5152?
711
In base 10, what is 0 + 269097820?
269097820
In base 16, what is 26e - -2f92f?
2fb9d
In base 7, what is 0 + 33053214?
33053214
In base 14, what is -2a7 - -b2b0a?
b2843
In base 4, what is 13 - -1331231110?
1331231123
In base 2, what is 1 + -1001001110000010101001?
-1001001110000010101000
In base 4, what is -3 + -223222000033?
-223222000102
In base 8, what is -17030172 + -4?
-17030176
In base 3, what is 21002122112101 - -2?
21002122112110
In base 10, what is 4715 - 1694?
3021
In base 4, what is 3311322100301 + -23?
3311322100212
In base 9, what is 34068 - -376?
34455
In base 15, what is -125e2 + 4c?
-12595
In base 11, what is -254 + -45a497?
-45a740
In base 11, what is -383 - -267435?
267062
In base 7, what is 1053 - -2341452?
2342535
In base 16, what is -11 + 1a8eaf?
1a8e9e
In base 15, what is 1 - -d6a196?
d6a197
In base 7, what is -2 - 5220663053?
-5220663055
In base 16, what is -2 + 19d1a41?
19d1a3f
In base 16, what is 1 - -1241995?
1241996
In base 13, what is -88b984 - 3?
-88b987
In base 13, what is 4897 - 21b7?
26b0
In base 5, what is 100014102 - -22?
100014124
In base 12, what is -163a8 - 1491?
-17879
In base 13, what is -77 + 20a00?
20956
In base 3, what is 12110 + 110100221121?
110101011001
In base 8, what is 2470663 - 6?
2470655
In base 16, what is 64c + -1734?
-10e8
In base 7, what is 1265 + -32101?
-30503
In base 16, what is -5a54cf9c + 2?
-5a54cf9a
In base 13, what is -511 - 45508?
-45a19
In base 3, what is 1000201212 - 1101002002?
-100100020
In base 8, what is -423323 + -101?
-423424
In base 13, what is 3501 + -1a?
34b4
In base 10, what is -116 + -100572?
-100688
In base 6, what is -23 + -13535214?
-13535241
In base 7, what is 3 + 1634116542?
1634116545
In base 8, what is -71015506 - -25?
-71015461
In base 11, what is -2 - 14a69802?
-14a69804
In base 11, what is -153480 + -1411?
-154891
In base 5, what is 233224432020 + 10?
233224432030
In base 11, what is -4861 - 13570?
-18321
In base 9, what is -27 - -45818?
45781
In base 5, what is -214 - 41430241?
-41431010
In base 11, what is 121665 - 314?
121351
In base 5, what is 102442341212 - 4?
102442341203
In base 16, what is 396 - -71?
407
In base 3, what is -121200 + 20221101120?
20220202220
In base 10, what is 4676388 + -25?
4676363
In base 8, what is 1 - -316423?
316424
In base 8, what is 7773 + -14620?
-4625
In base 14, what is 9d83740 - 0?
9d83740
In base 9, what is 512621 + -52?
512558
In base 12, what is 1072 - -107?
1179
In base 14, what is -28d20b6 + -17?
-28d20cd
In base 2, what is 0 - -111101001011110111?
111101001011110111
In base 7, what is -6351452 + -416?
-6352201
In base 16, what is -5 + -28c7ac?
-28c7b1
In base 6, what is -40 + 2334344?
2334304
In base 10, what is -94047 - -7?
-94040
In base 14, what is -22b - 9577?
-97a4
In base 16, what is 87fa + da?
88d4
In base 4, what is 1232123100023 - 231?
1232123033132
In base 15, what is 43b + -2d59e?
-2d163
In base 3, what is -120021202212001 + 2?
-120021202211222
In base 10, what is -1 + -113724537?
-113724538
In base 16, what is -5c22 - 78a?
-63ac
In base 4, what is -222 + 1131230121?
1131223233
In base 7, what is -5544 + -110421?
-116265
In base 9, what is 23454 + 78430?
112884
In base 8, what is 15 - -12744650?
12744665
In base 6, what is 404352154 - 5?
404352145
In base 12, what is -3078 + 45387?
4230b
In base 7, what is -333133 - -534?
-332266
In base 3, what is -10102020 - 1100012?
-11202102
In base 9, what is -3852 - 13440?
-17402
In base 3, what is 11100212022111020 + -20?
11100212022111000
In base 6, what is -452355003251 - -4?
-452355003243
In base 15, what is 3 - -34959e?
3495a2
In base 10, what is -57310442 - -4?
-57310438
In base 3, what is -10111 - 2012221221222?
-2012222002110
In base 7, what is 3 - -3634662504?
3634662510
In base 13, what is 1c0524c - -5?
1c05254
In base 11, what is -100 - 43777?
-43877
In base 8, what is -1100715 + -121?
-1101036
In base 3, what is -100 + 12022112011022?
12022112010222
In base 8, what is -1 + 63054077?
63054076
I